n divisor of 2955769 and 3837.
1279
What is the greatest common divisor of 2696 and 2359?
337
What is the greatest common factor of 441440 and 1550?
310
What is the highest common factor of 19525 and 2497?
11
What is the greatest common divisor of 14 and 136472?
14
What is the greatest common factor of 638 and 12731?
29
What is the highest common divisor of 20 and 579370?
10
What is the highest common divisor of 184925 and 130?
65
Calculate the highest common factor of 82094 and 2.
2
Calculate the highest common divisor of 20 and 3845420.
20
What is the greatest common divisor of 7137 and 26?
13
Calculate the greatest common factor of 578 and 1530.
34
What is the highest common divisor of 977 and 997517?
977
What is the highest common divisor of 152 and 27784?
8
What is the greatest common divisor of 1082 and 26?
2
Calculate the greatest common factor of 104835 and 330.
15
Calculate the greatest common divisor of 441 and 3591.
63
Calculate the highest common factor of 83990 and 5448.
454
What is the greatest common divisor of 33600 and 710?
10
What is the greatest common divisor of 10647 and 6825?
273
What is the greatest common divisor of 16679 and 104?
13
What is the greatest common divisor of 365 and 36427?
73
What is the greatest common divisor of 11 and 3847921?
11
What is the highest common divisor of 75 and 36495?
15
What is the greatest common divisor of 63 and 34293?
21
Calculate the highest common divisor of 14579 and 244.
61
What is the greatest common divisor of 7 and 2988013?
7
Calculate the highest common divisor of 10806 and 12.
6
Calculate the greatest common factor of 66 and 333388.
22
What is the greatest common divisor of 210 and 73570?
70
What is the greatest common divisor of 999 and 110778?
111
Calculate the greatest common factor of 1200 and 750.
150
What is the greatest common factor of 40374 and 738?
18
Calculate the greatest common factor of 21255 and 1199.
109
What is the highest common divisor of 292500 and 72?
36
What is the greatest common factor of 52 and 3788?
4
Calculate the greatest common factor of 2544 and 209562.
318
Calculate the greatest common factor of 1042096 and 8.
8
What is the highest common divisor of 180 and 78895?
5
Calculate the highest common factor of 1584 and 770.
22
Calculate the greatest common divisor of 1032876 and 108.
36
What is the greatest common factor of 332125 and 75?
25
Calculate the highest common factor of 176 and 9986416.
176
Calculate the highest common factor of 312 and 8515.
13
Calculate the greatest common factor of 190740 and 30.
30
Calculate the greatest common divisor of 1699389 and 837.
279
What is the highest common factor of 6 and 84068?
2
What is the greatest common divisor of 2255 and 880?
55
What is the greatest common divisor of 65968 and 532?
532
What is the greatest common factor of 3219 and 1247?
29
What is the greatest common divisor of 84 and 996716?
28
What is the greatest common divisor of 168904 and 53028?
1964
Calculate the highest common divisor of 331596 and 38656.
604
What is the greatest common divisor of 70 and 14735?
35
Calculate the greatest common divisor of 4656 and 19206.
582
Calculate the highest common factor of 370 and 2278.
2
What is the greatest common factor of 344725 and 100?
25
Calculate the greatest common divisor of 23 and 7199.
23
What is the greatest common divisor of 2561 and 624?
13
What is the greatest common divisor of 9 and 18747?
9
Calculate the greatest common divisor of 478966 and 284.
142
What is the greatest common divisor of 253 and 361537?
253
Calculate the highest common factor of 14382 and 357.
51
Calculate the greatest common factor of 1 and 3053.
1
Calculate the highest common factor of 24303 and 141.
3
Calculate the greatest common factor of 966 and 701358.
42
Calculate the greatest common divisor of 11847 and 22.
11
What is the greatest common divisor of 231 and 83391?
231
Calculate the highest common divisor of 29512 and 155.
31
What is the greatest common divisor of 185 and 21497?
37
What is the greatest common factor of 904506 and 932?
466
What is the greatest common factor of 65525 and 15?
5
Calculate the greatest common factor of 180 and 10065.
15
Calculate the greatest common factor of 1968 and 1216.
16
What is the greatest common divisor of 52 and 7822412?
52
Calculate the greatest common divisor of 130 and 106345.
5
What is the highest common divisor of 105723 and 1479?
51
What is the greatest common factor of 5292 and 6468?
588
Calculate the greatest common factor of 49856 and 1148.
164
Calculate the highest common factor of 8 and 8136.
8
What is the highest common factor of 47 and 11217631?
47
What is the highest common divisor of 2650 and 924320?
530
Calculate the highest common factor of 4131 and 8891.
17
Calculate the greatest common factor of 1442198 and 838.
838
Calculate the greatest common divisor of 10639 and 9.
1
Calculate the greatest common factor of 65664 and 120.
24
What is the greatest common divisor of 75 and 1799385?
15
What is the highest common divisor of 17974 and 860?
86
Calculate the greatest common divisor of 282 and 11985.
141
What is the greatest common divisor of 115 and 43056?
23
What is the greatest common divisor of 77 and 243859?
77
Calculate the greatest common factor of 273 and 411.
3
What is the greatest common divisor of 4 and 40954?
2
Calculate the greatest common factor of 136210 and 530.
530
What is the greatest common divisor of 88400 and 32?
16
What is the highest common factor of 134720 and 960?
320
Calculate the greatest common factor of 176 and 16346.
22
What is the highest common factor of 24881 and 26966?
139
Calculate the greatest common factor of 14259 and 1659.
21
What is the greatest common factor of 233835 and 6943?
131
Calculate the greatest common factor of 5440 and 220160.
320
What is the greatest common divisor of 910 and 35308?
182
What is the highest common divisor of 226 and 1472?
2
What is the greatest common divisor of 13830 and 1470?
30
What is the highest common factor of 29424 and 960?
48
What is the greatest common divisor of 353901 and 3345?
669
Calculate the highest common divisor of 61799 and 1189.
29
What is the highest common divisor of 98 and 106526?
98
Calculate the greatest common divisor of 457 and 173660.
457
What is the greatest common divisor of 187 and 297211?
17
What is the greatest common divisor of 350 and 6485675?
175
What is the greatest common factor of 51389 and 35711?
871
What is the highest common divisor of 243 and 57978?
9
What is the highest common divisor of 143 and 23584?
11
What is the highest common factor of 365 and 31105?
5
What is the greatest common factor of 17595 and 131767?
391
Calculate the greatest common factor of 274351 and 14.
7
What is the greatest common factor of 24736 and 32?
32
Calculate the highest common factor of 8 and 154184.
8
What is the greatest common divisor of 106230 and 80?
10
What is the highest common divisor of 456 and 342?
114
What is the highest common divisor of 1474 and 121605?
737
What is the highest common factor of 458765 and 10?
5
What is the greatest common divisor of 11792 and 880?
176
Calculate the highest common divisor of 38826 and 216.
54
Calculate the highest common divisor of 358134 and 42.
42
Calculate the greatest common factor of 583 and 4279.
11
What is the highest common factor of 2512586 and 457?
457
What is the highest common factor of 136 and 251464?
136
What is the highest common factor of 76572 and 601232?
2836
Calculate the greatest common divisor of 921 and 9771.
3
What is the highest common divisor of 580 and 5830740?
580
What is the greatest common factor of 735 and 212520?
105
What is the highest common divisor of 99 and 9713?
11
What is the highest common factor of 5970100 and 2104?
1052
Calculate the highest common divisor of 531038 and 158.
158
What is the greatest common factor of 232 and 3208?
8
What is the greatest common divisor of 492 and 5262801?
123
Calculate the greatest common divisor of 15 and 49555.
5
What is the greatest common divisor of 3546 and 90?
18
Calculate the highest common divisor of 138 and 295734.
138
What is the highest common divisor of 930 and 1398?
6
What is the highest common factor of 22 and 76637?
11
Calculate the grea